{"id":7,"date":"2017-11-01T10:55:57","date_gmt":"2017-11-01T10:55:57","guid":{"rendered":"http:\/\/demo.jasmin-bleeke.de\/?page_id=7"},"modified":"2025-10-16T14:01:33","modified_gmt":"2025-10-16T14:01:33","slug":"kooperationspartner","status":"publish","type":"page","link":"https:\/\/maerchen-sozialtraining.de\/?page_id=7","title":{"rendered":"Kooperationspartner"},"content":{"rendered":"<h1>Kooperationspartner<\/h1>\n<h3>Musikalisch Begleitung<\/h3>\n<p>\u00dcber Nastja Schkinder, die mich mit ihren zauberhaften Akkordeonkl\u00e4ngen begleitet, k\u00f6nnen Sie mehr lesen, auf ihrer Internetseite unter: <a href=\"http:\/\/www.nastja-schkinder.de\">www.nastja-schkinder.de<\/a><\/p>\n<p>Die vielen sch\u00f6nen Fotos habe ich Olver Schlund und Matthias M\u00fcller zu verdanken. Zu Matthias M\u00fcller finden sie mehr Informationen unter\u00a0 <a href=\"http:\/\/moglifotoundtravelstudiowennigsen.wordpress.com\">www.moglifotoundtravelstudiowennigsen.wordpress.com<\/a><\/p>\n<p>Immer wieder f\u00fchre ich auch k\u00fcnstlerische Projekte zusammen mit Nina Kober d\u00fcrch, mehr \u00fcber Nina k\u00f6nnen Sie unter <a href=\"http:\/\/www.niko-illustration.de\">www.niko-illustration.de<\/a> erfahren.<\/p>\n<p>Die Ausbildung zur M\u00e4rchenerz\u00e4hlerin mache ich im Verein M\u00e4rchenhaft leben e.V. , mehr k\u00f6nnen Sie dar\u00fcber unter<a href=\"http:\/\/www.maerchenhaft-leben.net\"> www.maerchenhaft-leben.net<\/a> finden.<\/p>\n<p>Mein mittelalterliches M\u00e4rchenkleid ist geschneidert von\u00a0<a href=\"https:\/\/ch-gew.ch-hoffmann.de\">https:\/\/ch-gew.ch-hoffmann.de<\/a><\/p>\n<p><code><\/code><\/p>\n","protected":false},"excerpt":{"rendered":"<p>Kooperationspartner Musikalisch Begleitung \u00dcber Nastja Schkinder, die mich mit ihren zauberhaften Akkordeonkl\u00e4ngen begleitet, k\u00f6nnen Sie mehr lesen, auf ihrer Internetseite unter: www.nastja-schkinder.de Die vielen sch\u00f6nen Fotos habe ich Olver Schlund und Matthias M\u00fcller zu verdanken. Zu Matthias M\u00fcller finden sie mehr Informationen unter\u00a0 www.moglifotoundtravelstudiowennigsen.wordpress.com Immer wieder f\u00fchre ich auch k\u00fcnstlerische Projekte zusammen mit Nina Kober [&hellip;]<\/p>\n","protected":false},"author":1,"featured_media":0,"parent":0,"menu_order":0,"comment_status":"closed","ping_status":"closed","template":"page-templates\/full-width-page.php","meta":{"footnotes":""},"class_list":["post-7","page","type-page","status-publish","hentry","without-featured-image"],"yoast_head":"<!-- This site is optimized with the Yoast SEO plugin v27.4 - https:\/\/yoast.com\/product\/yoast-seo-wordpress\/ -->\n<title>Kooperationspartner - M\u00e4rchen &amp; Sozialtraining<\/title>\n<meta name=\"robots\" content=\"index, follow, max-snippet:-1, max-image-preview:large, max-video-preview:-1\" \/>\n<link rel=\"canonical\" href=\"http:\/\/maerchen-sozialtraining.de\/?page_id=7\" \/>\n<meta property=\"og:locale\" content=\"de_DE\" \/>\n<meta property=\"og:type\" content=\"article\" \/>\n<meta property=\"og:title\" content=\"Kooperationspartner - M\u00e4rchen &amp; Sozialtraining\" \/>\n<meta property=\"og:description\" content=\"Kooperationspartner Musikalisch Begleitung \u00dcber Nastja Schkinder, die mich mit ihren zauberhaften Akkordeonkl\u00e4ngen begleitet, k\u00f6nnen Sie mehr lesen, auf ihrer Internetseite unter: www.nastja-schkinder.de Die vielen sch\u00f6nen Fotos habe ich Olver Schlund und Matthias M\u00fcller zu verdanken. Zu Matthias M\u00fcller finden sie mehr Informationen unter\u00a0 www.moglifotoundtravelstudiowennigsen.wordpress.com Immer wieder f\u00fchre ich auch k\u00fcnstlerische Projekte zusammen mit Nina Kober [&hellip;]\" \/>\n<meta property=\"og:url\" content=\"http:\/\/maerchen-sozialtraining.de\/?page_id=7\" \/>\n<meta property=\"og:site_name\" content=\"M\u00e4rchen &amp; Sozialtraining\" \/>\n<meta property=\"article:modified_time\" content=\"2025-10-16T14:01:33+00:00\" \/>\n<meta name=\"twitter:card\" content=\"summary_large_image\" \/>\n<meta name=\"twitter:label1\" content=\"Gesch\u00e4tzte Lesezeit\" \/>\n\t<meta name=\"twitter:data1\" content=\"1\u00a0Minute\" \/>\n<script type=\"application\/ld+json\" class=\"yoast-schema-graph\">{\"@context\":\"https:\\\/\\\/schema.org\",\"@graph\":[{\"@type\":\"WebPage\",\"@id\":\"http:\\\/\\\/maerchen-sozialtraining.de\\\/?page_id=7\",\"url\":\"http:\\\/\\\/maerchen-sozialtraining.de\\\/?page_id=7\",\"name\":\"Kooperationspartner - M\u00e4rchen &amp; Sozialtraining\",\"isPartOf\":{\"@id\":\"http:\\\/\\\/maerchen-sozialtraining.de\\\/#website\"},\"datePublished\":\"2017-11-01T10:55:57+00:00\",\"dateModified\":\"2025-10-16T14:01:33+00:00\",\"breadcrumb\":{\"@id\":\"http:\\\/\\\/maerchen-sozialtraining.de\\\/?page_id=7#breadcrumb\"},\"inLanguage\":\"de\",\"potentialAction\":[{\"@type\":\"ReadAction\",\"target\":[\"http:\\\/\\\/maerchen-sozialtraining.de\\\/?page_id=7\"]}]},{\"@type\":\"BreadcrumbList\",\"@id\":\"http:\\\/\\\/maerchen-sozialtraining.de\\\/?page_id=7#breadcrumb\",\"itemListElement\":[{\"@type\":\"ListItem\",\"position\":1,\"name\":\"Startseite\",\"item\":\"http:\\\/\\\/maerchen-sozialtraining.de\\\/\"},{\"@type\":\"ListItem\",\"position\":2,\"name\":\"Kooperationspartner\"}]},{\"@type\":\"WebSite\",\"@id\":\"http:\\\/\\\/maerchen-sozialtraining.de\\\/#website\",\"url\":\"http:\\\/\\\/maerchen-sozialtraining.de\\\/\",\"name\":\"M\u00e4rchen &amp; Sozialtraining\",\"description\":\"M\u00e4rchen und Sozialtraing mit Heike Cordes\",\"publisher\":{\"@id\":\"http:\\\/\\\/maerchen-sozialtraining.de\\\/#\\\/schema\\\/person\\\/d6db61b2247e77be1317c8e08531254e\"},\"potentialAction\":[{\"@type\":\"SearchAction\",\"target\":{\"@type\":\"EntryPoint\",\"urlTemplate\":\"http:\\\/\\\/maerchen-sozialtraining.de\\\/?s={search_term_string}\"},\"query-input\":{\"@type\":\"PropertyValueSpecification\",\"valueRequired\":true,\"valueName\":\"search_term_string\"}}],\"inLanguage\":\"de\"},{\"@type\":[\"Person\",\"Organization\"],\"@id\":\"http:\\\/\\\/maerchen-sozialtraining.de\\\/#\\\/schema\\\/person\\\/d6db61b2247e77be1317c8e08531254e\",\"name\":\"Heike Cordes\",\"image\":{\"@type\":\"ImageObject\",\"inLanguage\":\"de\",\"@id\":\"http:\\\/\\\/demo.jasmin-bleeke.de\\\/wp-content\\\/uploads\\\/2018\\\/10\\\/M\u00e4rchenabend-14-1024x683.jpg\",\"url\":\"http:\\\/\\\/demo.jasmin-bleeke.de\\\/wp-content\\\/uploads\\\/2018\\\/10\\\/M\u00e4rchenabend-14-1024x683.jpg\",\"contentUrl\":\"http:\\\/\\\/demo.jasmin-bleeke.de\\\/wp-content\\\/uploads\\\/2018\\\/10\\\/M\u00e4rchenabend-14-1024x683.jpg\",\"width\":1024,\"height\":683,\"caption\":\"Heike Cordes\"},\"logo\":{\"@id\":\"http:\\\/\\\/demo.jasmin-bleeke.de\\\/wp-content\\\/uploads\\\/2018\\\/10\\\/M\u00e4rchenabend-14-1024x683.jpg\"},\"sameAs\":[\"http:\\\/\\\/www.maerchen-sozialtraining.de\",\"https:\\\/\\\/www.youtube.com\\\/channel\\\/UCgmmtQjGSU9yha2PtQkxw5A\"]}]}<\/script>\n<!-- \/ Yoast SEO plugin. -->","yoast_head_json":{"title":"Kooperationspartner - M\u00e4rchen &amp; Sozialtraining","robots":{"index":"index","follow":"follow","max-snippet":"max-snippet:-1","max-image-preview":"max-image-preview:large","max-video-preview":"max-video-preview:-1"},"canonical":"http:\/\/maerchen-sozialtraining.de\/?page_id=7","og_locale":"de_DE","og_type":"article","og_title":"Kooperationspartner - M\u00e4rchen &amp; Sozialtraining","og_description":"Kooperationspartner Musikalisch Begleitung \u00dcber Nastja Schkinder, die mich mit ihren zauberhaften Akkordeonkl\u00e4ngen begleitet, k\u00f6nnen Sie mehr lesen, auf ihrer Internetseite unter: www.nastja-schkinder.de Die vielen sch\u00f6nen Fotos habe ich Olver Schlund und Matthias M\u00fcller zu verdanken. Zu Matthias M\u00fcller finden sie mehr Informationen unter\u00a0 www.moglifotoundtravelstudiowennigsen.wordpress.com Immer wieder f\u00fchre ich auch k\u00fcnstlerische Projekte zusammen mit Nina Kober [&hellip;]","og_url":"http:\/\/maerchen-sozialtraining.de\/?page_id=7","og_site_name":"M\u00e4rchen &amp; Sozialtraining","article_modified_time":"2025-10-16T14:01:33+00:00","twitter_card":"summary_large_image","twitter_misc":{"Gesch\u00e4tzte Lesezeit":"1\u00a0Minute"},"schema":{"@context":"https:\/\/schema.org","@graph":[{"@type":"WebPage","@id":"http:\/\/maerchen-sozialtraining.de\/?page_id=7","url":"http:\/\/maerchen-sozialtraining.de\/?page_id=7","name":"Kooperationspartner - M\u00e4rchen &amp; Sozialtraining","isPartOf":{"@id":"http:\/\/maerchen-sozialtraining.de\/#website"},"datePublished":"2017-11-01T10:55:57+00:00","dateModified":"2025-10-16T14:01:33+00:00","breadcrumb":{"@id":"http:\/\/maerchen-sozialtraining.de\/?page_id=7#breadcrumb"},"inLanguage":"de","potentialAction":[{"@type":"ReadAction","target":["http:\/\/maerchen-sozialtraining.de\/?page_id=7"]}]},{"@type":"BreadcrumbList","@id":"http:\/\/maerchen-sozialtraining.de\/?page_id=7#breadcrumb","itemListElement":[{"@type":"ListItem","position":1,"name":"Startseite","item":"http:\/\/maerchen-sozialtraining.de\/"},{"@type":"ListItem","position":2,"name":"Kooperationspartner"}]},{"@type":"WebSite","@id":"http:\/\/maerchen-sozialtraining.de\/#website","url":"http:\/\/maerchen-sozialtraining.de\/","name":"M\u00e4rchen &amp; Sozialtraining","description":"M\u00e4rchen und Sozialtraing mit Heike Cordes","publisher":{"@id":"http:\/\/maerchen-sozialtraining.de\/#\/schema\/person\/d6db61b2247e77be1317c8e08531254e"},"potentialAction":[{"@type":"SearchAction","target":{"@type":"EntryPoint","urlTemplate":"http:\/\/maerchen-sozialtraining.de\/?s={search_term_string}"},"query-input":{"@type":"PropertyValueSpecification","valueRequired":true,"valueName":"search_term_string"}}],"inLanguage":"de"},{"@type":["Person","Organization"],"@id":"http:\/\/maerchen-sozialtraining.de\/#\/schema\/person\/d6db61b2247e77be1317c8e08531254e","name":"Heike Cordes","image":{"@type":"ImageObject","inLanguage":"de","@id":"http:\/\/demo.jasmin-bleeke.de\/wp-content\/uploads\/2018\/10\/M\u00e4rchenabend-14-1024x683.jpg","url":"http:\/\/demo.jasmin-bleeke.de\/wp-content\/uploads\/2018\/10\/M\u00e4rchenabend-14-1024x683.jpg","contentUrl":"http:\/\/demo.jasmin-bleeke.de\/wp-content\/uploads\/2018\/10\/M\u00e4rchenabend-14-1024x683.jpg","width":1024,"height":683,"caption":"Heike Cordes"},"logo":{"@id":"http:\/\/demo.jasmin-bleeke.de\/wp-content\/uploads\/2018\/10\/M\u00e4rchenabend-14-1024x683.jpg"},"sameAs":["http:\/\/www.maerchen-sozialtraining.de","https:\/\/www.youtube.com\/channel\/UCgmmtQjGSU9yha2PtQkxw5A"]}]}},"_links":{"self":[{"href":"https:\/\/maerchen-sozialtraining.de\/index.php?rest_route=\/wp\/v2\/pages\/7","targetHints":{"allow":["GET"]}}],"collection":[{"href":"https:\/\/maerchen-sozialtraining.de\/index.php?rest_route=\/wp\/v2\/pages"}],"about":[{"href":"https:\/\/maerchen-sozialtraining.de\/index.php?rest_route=\/wp\/v2\/types\/page"}],"author":[{"embeddable":true,"href":"https:\/\/maerchen-sozialtraining.de\/index.php?rest_route=\/wp\/v2\/users\/1"}],"replies":[{"embeddable":true,"href":"https:\/\/maerchen-sozialtraining.de\/index.php?rest_route=%2Fwp%2Fv2%2Fcomments&post=7"}],"version-history":[{"count":21,"href":"https:\/\/maerchen-sozialtraining.de\/index.php?rest_route=\/wp\/v2\/pages\/7\/revisions"}],"predecessor-version":[{"id":652,"href":"https:\/\/maerchen-sozialtraining.de\/index.php?rest_route=\/wp\/v2\/pages\/7\/revisions\/652"}],"wp:attachment":[{"href":"https:\/\/maerchen-sozialtraining.de\/index.php?rest_route=%2Fwp%2Fv2%2Fmedia&parent=7"}],"curies":[{"name":"wp","href":"https:\/\/api.w.org\/{rel}","templated":true}]}}

<h1>Kooperationspartner</h1>
<h3>Musikalisch Begleitung</h3>
<p>Über Nastja Schkinder, die mich mit ihren zauberhaften Akkordeonklängen begleitet, können Sie mehr lesen, auf ihrer Internetseite unter: <a href="http://www.nastja-schkinder.de">www.nastja-schkinder.de</a></p>
<p>Die vielen schönen Fotos habe ich Olver Schlund und Matthias Müller zu verdanken. Zu Matthias Müller finden sie mehr Informationen unter  <a href="http://moglifotoundtravelstudiowennigsen.wordpress.com">www.moglifotoundtravelstudiowennigsen.wordpress.com</a></p>
<p>Immer wieder führe ich auch künstlerische Projekte zusammen mit Nina Kober dürch, mehr über Nina können Sie unter <a href="http://www.niko-illustration.de">www.niko-illustration.de</a> erfahren.</p>
<p>Die Ausbildung zur Märchenerzählerin mache ich im Verein Märchenhaft leben e.V. , mehr können Sie darüber unter<a href="http://www.maerchenhaft-leben.net"> www.maerchenhaft-leben.net</a> finden.</p>
<p>Mein mittelalterliches Märchenkleid ist geschneidert von <a href="https://ch-gew.ch-hoffmann.de">https://ch-gew.ch-hoffmann.de</a></p>
<p><code></code></p>

<p>Kooperationspartner Musikalisch Begleitung Über Nastja Schkinder, die mich mit ihren zauberhaften Akkordeonklängen begleitet, können Sie mehr lesen, auf ihrer Internetseite unter: www.nastja-schkinder.de Die vielen schönen Fotos habe ich Olver Schlund und Matthias Müller zu verdanken. Zu Matthias Müller finden sie mehr Informationen unter  www.moglifotoundtravelstudiowennigsen.wordpress.com Immer wieder führe ich auch künstlerische Projekte zusammen mit Nina Kober [&hellip;]</p>

<!-- This site is optimized with the Yoast SEO plugin v27.4 - https://yoast.com/product/yoast-seo-wordpress/ -->
<title>Kooperationspartner - Märchen &amp; Sozialtraining</title>
<meta name="robots" content="index, follow, max-snippet:-1, max-image-preview:large, max-video-preview:-1" />
<link rel="canonical" href="http://maerchen-sozialtraining.de/?page_id=7" />
<meta property="og:locale" content="de_DE" />
<meta property="og:type" content="article" />
<meta property="og:title" content="Kooperationspartner - Märchen &amp; Sozialtraining" />
<meta property="og:description" content="Kooperationspartner Musikalisch Begleitung Über Nastja Schkinder, die mich mit ihren zauberhaften Akkordeonklängen begleitet, können Sie mehr lesen, auf ihrer Internetseite unter: www.nastja-schkinder.de Die vielen schönen Fotos habe ich Olver Schlund und Matthias Müller zu verdanken. Zu Matthias Müller finden sie mehr Informationen unter  www.moglifotoundtravelstudiowennigsen.wordpress.com Immer wieder führe ich auch künstlerische Projekte zusammen mit Nina Kober [&hellip;]" />
<meta property="og:url" content="http://maerchen-sozialtraining.de/?page_id=7" />
<meta property="og:site_name" content="Märchen &amp; Sozialtraining" />
<meta property="article:modified_time" content="2025-10-16T14:01:33+00:00" />
<meta name="twitter:card" content="summary_large_image" />
<meta name="twitter:label1" content="Geschätzte Lesezeit" />
	<meta name="twitter:data1" content="1 Minute" />
<script type="application/ld+json" class="yoast-schema-graph">{"@context":"https:\/\/schema.org","@graph":[{"@type":"WebPage","@id":"http:\/\/maerchen-sozialtraining.de\/?page_id=7","url":"http:\/\/maerchen-sozialtraining.de\/?page_id=7","name":"Kooperationspartner - Märchen &amp; Sozialtraining","isPartOf":{"@id":"http:\/\/maerchen-sozialtraining.de\/#website"},"datePublished":"2017-11-01T10:55:57+00:00","dateModified":"2025-10-16T14:01:33+00:00","breadcrumb":{"@id":"http:\/\/maerchen-sozialtraining.de\/?page_id=7#breadcrumb"},"inLanguage":"de","potentialAction":[{"@type":"ReadAction","target":["http:\/\/maerchen-sozialtraining.de\/?page_id=7"]}]},{"@type":"BreadcrumbList","@id":"http:\/\/maerchen-sozialtraining.de\/?page_id=7#breadcrumb","itemListElement":[{"@type":"ListItem","position":1,"name":"Startseite","item":"http:\/\/maerchen-sozialtraining.de\/"},{"@type":"ListItem","position":2,"name":"Kooperationspartner"}]},{"@type":"WebSite","@id":"http:\/\/maerchen-sozialtraining.de\/#website","url":"http:\/\/maerchen-sozialtraining.de\/","name":"Märchen &amp; Sozialtraining","description":"Märchen und Sozialtraing mit Heike Cordes","publisher":{"@id":"http:\/\/maerchen-sozialtraining.de\/#\/schema\/person\/d6db61b2247e77be1317c8e08531254e"},"potentialAction":[{"@type":"SearchAction","target":{"@type":"EntryPoint","urlTemplate":"http:\/\/maerchen-sozialtraining.de\/?s={search_term_string}"},"query-input":{"@type":"PropertyValueSpecification","valueRequired":true,"valueName":"search_term_string"}}],"inLanguage":"de"},{"@type":["Person","Organization"],"@id":"http:\/\/maerchen-sozialtraining.de\/#\/schema\/person\/d6db61b2247e77be1317c8e08531254e","name":"Heike Cordes","image":{"@type":"ImageObject","inLanguage":"de","@id":"http:\/\/demo.jasmin-bleeke.de\/wp-content\/uploads\/2018\/10\/Märchenabend-14-1024x683.jpg","url":"http:\/\/demo.jasmin-bleeke.de\/wp-content\/uploads\/2018\/10\/Märchenabend-14-1024x683.jpg","contentUrl":"http:\/\/demo.jasmin-bleeke.de\/wp-content\/uploads\/2018\/10\/Märchenabend-14-1024x683.jpg","width":1024,"height":683,"caption":"Heike Cordes"},"logo":{"@id":"http:\/\/demo.jasmin-bleeke.de\/wp-content\/uploads\/2018\/10\/Märchenabend-14-1024x683.jpg"},"sameAs":["http:\/\/www.maerchen-sozialtraining.de","https:\/\/www.youtube.com\/channel\/UCgmmtQjGSU9yha2PtQkxw5A"]}]}</script>
<!-- / Yoast SEO plugin. -->

Kooperationspartner - Märchen &amp; Sozialtraining

Kooperationspartner Musikalisch Begleitung Über Nastja Schkinder, die mich mit ihren zauberhaften Akkordeonklängen begleitet, können Sie mehr lesen, auf ihrer Internetseite unter: www.nastja-schkinder.de Die vielen schönen Fotos habe ich Olver Schlund und Matthias Müller zu verdanken. Zu Matthias Müller finden sie mehr Informationen unter  www.moglifotoundtravelstudiowennigsen.wordpress.com Immer wieder führe ich auch künstlerische Projekte zusammen mit Nina Kober [&hellip;]

Märchen &amp; Sozialtraining

Märchen und Sozialtraing mit Heike Cordes

http://demo.jasmin-bleeke.de/wp-content/uploads/2018/10/Märchenabend-14-1024x683.jpg
