{"id":674,"date":"2025-10-16T15:24:17","date_gmt":"2025-10-16T15:24:17","guid":{"rendered":"https:\/\/maerchen-sozialtraining.de\/?page_id=674"},"modified":"2026-01-14T07:25:56","modified_gmt":"2026-01-14T07:25:56","slug":"maerchen-online","status":"publish","type":"page","link":"https:\/\/maerchen-sozialtraining.de\/?page_id=674","title":{"rendered":"M\u00e4rchen Online"},"content":{"rendered":"\n<p><\/p>\n\n\n\n<p>Am <strong>Sonntag, den 18. Jannuar 2026 \u2013 18:30 Uhr<\/strong> machen wir es uns auf dem Sofa gem\u00fctlich mit einem leckeren Getr\u00e4nk, z\u00fcnden drei Kerzen an und dann lasst ihr euch von einem frei erz\u00e4hlten M\u00e4rchen verzaubern. Ein Eintauchen in anderen Welten, Reisen mit M\u00e4rchenhelden*innen, Aufgaben bew\u00e4ltigen und Pr\u00fcfungen bestehen, heranreifen in ein k\u00f6nigliches sein. Das alles erleben wir gemeinsam in ca. 30 Minuten. Sei dabei, wenn du m\u00e4rchenhafte Abendteuer erleben m\u00f6chtest, hier der Link daf\u00fcr:<\/p>\n\n\n\n<p><a href=\"https:\/\/us06web.zoom.us\/j\/85030392273?pwd=j2KW3XlyRi8H0PgfxRaRTYUFIfgSRO.1\">https:\/\/us06web.zoom.us\/j\/85030392273?pwd=j2KW3XlyRi8H0PgfxRaRTYUFIfgSRO.1<\/a><\/p>\n\n\n\n<p>Ich freue mich auf unsere gemeinsame Reise in die M\u00e4rchenwelt.<\/p>\n\n\n\n<p>Wenn du gut informiert sein m\u00f6chtest \u00fcber meine \u00f6ffentlichen Veranstaltungen, schreibe mir deine E-Mailadresse im Kontakt.<\/p>\n\n\n\n<p><\/p>\n\n\n\n<p><\/p>\n\n\n\n<p><\/p>\n\n\n\n<p><\/p>\n","protected":false},"excerpt":{"rendered":"<p>Am Sonntag, den 18. Jannuar 2026 \u2013 18:30 Uhr machen wir es uns auf dem Sofa gem\u00fctlich mit einem leckeren Getr\u00e4nk, z\u00fcnden drei Kerzen an und dann lasst ihr euch von einem frei erz\u00e4hlten M\u00e4rchen verzaubern. Ein Eintauchen in anderen Welten, Reisen mit M\u00e4rchenhelden*innen, Aufgaben bew\u00e4ltigen und Pr\u00fcfungen bestehen, heranreifen in ein k\u00f6nigliches sein. Das [&hellip;]<\/p>\n","protected":false},"author":1,"featured_media":0,"parent":11,"menu_order":0,"comment_status":"closed","ping_status":"closed","template":"","meta":{"footnotes":""},"class_list":["post-674","page","type-page","status-publish","hentry","without-featured-image"],"yoast_head":"<!-- This site is optimized with the Yoast SEO plugin v27.4 - https:\/\/yoast.com\/product\/yoast-seo-wordpress\/ -->\n<title>M\u00e4rchen Online - M\u00e4rchen &amp; Sozialtraining<\/title>\n<meta name=\"robots\" content=\"index, follow, max-snippet:-1, max-image-preview:large, max-video-preview:-1\" \/>\n<link rel=\"canonical\" href=\"https:\/\/maerchen-sozialtraining.de\/?page_id=674\" \/>\n<meta property=\"og:locale\" content=\"de_DE\" \/>\n<meta property=\"og:type\" content=\"article\" \/>\n<meta property=\"og:title\" content=\"M\u00e4rchen Online - M\u00e4rchen &amp; Sozialtraining\" \/>\n<meta property=\"og:description\" content=\"Am Sonntag, den 18. Jannuar 2026 \u2013 18:30 Uhr machen wir es uns auf dem Sofa gem\u00fctlich mit einem leckeren Getr\u00e4nk, z\u00fcnden drei Kerzen an und dann lasst ihr euch von einem frei erz\u00e4hlten M\u00e4rchen verzaubern. Ein Eintauchen in anderen Welten, Reisen mit M\u00e4rchenhelden*innen, Aufgaben bew\u00e4ltigen und Pr\u00fcfungen bestehen, heranreifen in ein k\u00f6nigliches sein. Das [&hellip;]\" \/>\n<meta property=\"og:url\" content=\"https:\/\/maerchen-sozialtraining.de\/?page_id=674\" \/>\n<meta property=\"og:site_name\" content=\"M\u00e4rchen &amp; Sozialtraining\" \/>\n<meta property=\"article:modified_time\" content=\"2026-01-14T07:25:56+00:00\" \/>\n<meta name=\"twitter:card\" content=\"summary_large_image\" \/>\n<meta name=\"twitter:label1\" content=\"Gesch\u00e4tzte Lesezeit\" \/>\n\t<meta name=\"twitter:data1\" content=\"1\u00a0Minute\" \/>\n<script type=\"application\/ld+json\" class=\"yoast-schema-graph\">{\"@context\":\"https:\\\/\\\/schema.org\",\"@graph\":[{\"@type\":\"WebPage\",\"@id\":\"https:\\\/\\\/maerchen-sozialtraining.de\\\/?page_id=674\",\"url\":\"https:\\\/\\\/maerchen-sozialtraining.de\\\/?page_id=674\",\"name\":\"M\u00e4rchen Online - M\u00e4rchen &amp; Sozialtraining\",\"isPartOf\":{\"@id\":\"http:\\\/\\\/maerchen-sozialtraining.de\\\/#website\"},\"datePublished\":\"2025-10-16T15:24:17+00:00\",\"dateModified\":\"2026-01-14T07:25:56+00:00\",\"breadcrumb\":{\"@id\":\"https:\\\/\\\/maerchen-sozialtraining.de\\\/?page_id=674#breadcrumb\"},\"inLanguage\":\"de\",\"potentialAction\":[{\"@type\":\"ReadAction\",\"target\":[\"https:\\\/\\\/maerchen-sozialtraining.de\\\/?page_id=674\"]}]},{\"@type\":\"BreadcrumbList\",\"@id\":\"https:\\\/\\\/maerchen-sozialtraining.de\\\/?page_id=674#breadcrumb\",\"itemListElement\":[{\"@type\":\"ListItem\",\"position\":1,\"name\":\"Startseite\",\"item\":\"http:\\\/\\\/maerchen-sozialtraining.de\\\/\"},{\"@type\":\"ListItem\",\"position\":2,\"name\":\"M\u00e4rchen\",\"item\":\"https:\\\/\\\/maerchen-sozialtraining.de\\\/?page_id=11\"},{\"@type\":\"ListItem\",\"position\":3,\"name\":\"M\u00e4rchen Online\"}]},{\"@type\":\"WebSite\",\"@id\":\"http:\\\/\\\/maerchen-sozialtraining.de\\\/#website\",\"url\":\"http:\\\/\\\/maerchen-sozialtraining.de\\\/\",\"name\":\"M\u00e4rchen &amp; Sozialtraining\",\"description\":\"M\u00e4rchen und Sozialtraing mit Heike Cordes\",\"publisher\":{\"@id\":\"http:\\\/\\\/maerchen-sozialtraining.de\\\/#\\\/schema\\\/person\\\/d6db61b2247e77be1317c8e08531254e\"},\"potentialAction\":[{\"@type\":\"SearchAction\",\"target\":{\"@type\":\"EntryPoint\",\"urlTemplate\":\"http:\\\/\\\/maerchen-sozialtraining.de\\\/?s={search_term_string}\"},\"query-input\":{\"@type\":\"PropertyValueSpecification\",\"valueRequired\":true,\"valueName\":\"search_term_string\"}}],\"inLanguage\":\"de\"},{\"@type\":[\"Person\",\"Organization\"],\"@id\":\"http:\\\/\\\/maerchen-sozialtraining.de\\\/#\\\/schema\\\/person\\\/d6db61b2247e77be1317c8e08531254e\",\"name\":\"Heike Cordes\",\"image\":{\"@type\":\"ImageObject\",\"inLanguage\":\"de\",\"@id\":\"http:\\\/\\\/demo.jasmin-bleeke.de\\\/wp-content\\\/uploads\\\/2018\\\/10\\\/M\u00e4rchenabend-14-1024x683.jpg\",\"url\":\"http:\\\/\\\/demo.jasmin-bleeke.de\\\/wp-content\\\/uploads\\\/2018\\\/10\\\/M\u00e4rchenabend-14-1024x683.jpg\",\"contentUrl\":\"http:\\\/\\\/demo.jasmin-bleeke.de\\\/wp-content\\\/uploads\\\/2018\\\/10\\\/M\u00e4rchenabend-14-1024x683.jpg\",\"width\":1024,\"height\":683,\"caption\":\"Heike Cordes\"},\"logo\":{\"@id\":\"http:\\\/\\\/demo.jasmin-bleeke.de\\\/wp-content\\\/uploads\\\/2018\\\/10\\\/M\u00e4rchenabend-14-1024x683.jpg\"},\"sameAs\":[\"http:\\\/\\\/www.maerchen-sozialtraining.de\",\"https:\\\/\\\/www.youtube.com\\\/channel\\\/UCgmmtQjGSU9yha2PtQkxw5A\"]}]}<\/script>\n<!-- \/ Yoast SEO plugin. -->","yoast_head_json":{"title":"M\u00e4rchen Online - M\u00e4rchen &amp; Sozialtraining","robots":{"index":"index","follow":"follow","max-snippet":"max-snippet:-1","max-image-preview":"max-image-preview:large","max-video-preview":"max-video-preview:-1"},"canonical":"https:\/\/maerchen-sozialtraining.de\/?page_id=674","og_locale":"de_DE","og_type":"article","og_title":"M\u00e4rchen Online - M\u00e4rchen &amp; Sozialtraining","og_description":"Am Sonntag, den 18. Jannuar 2026 \u2013 18:30 Uhr machen wir es uns auf dem Sofa gem\u00fctlich mit einem leckeren Getr\u00e4nk, z\u00fcnden drei Kerzen an und dann lasst ihr euch von einem frei erz\u00e4hlten M\u00e4rchen verzaubern. Ein Eintauchen in anderen Welten, Reisen mit M\u00e4rchenhelden*innen, Aufgaben bew\u00e4ltigen und Pr\u00fcfungen bestehen, heranreifen in ein k\u00f6nigliches sein. Das [&hellip;]","og_url":"https:\/\/maerchen-sozialtraining.de\/?page_id=674","og_site_name":"M\u00e4rchen &amp; Sozialtraining","article_modified_time":"2026-01-14T07:25:56+00:00","twitter_card":"summary_large_image","twitter_misc":{"Gesch\u00e4tzte Lesezeit":"1\u00a0Minute"},"schema":{"@context":"https:\/\/schema.org","@graph":[{"@type":"WebPage","@id":"https:\/\/maerchen-sozialtraining.de\/?page_id=674","url":"https:\/\/maerchen-sozialtraining.de\/?page_id=674","name":"M\u00e4rchen Online - M\u00e4rchen &amp; Sozialtraining","isPartOf":{"@id":"http:\/\/maerchen-sozialtraining.de\/#website"},"datePublished":"2025-10-16T15:24:17+00:00","dateModified":"2026-01-14T07:25:56+00:00","breadcrumb":{"@id":"https:\/\/maerchen-sozialtraining.de\/?page_id=674#breadcrumb"},"inLanguage":"de","potentialAction":[{"@type":"ReadAction","target":["https:\/\/maerchen-sozialtraining.de\/?page_id=674"]}]},{"@type":"BreadcrumbList","@id":"https:\/\/maerchen-sozialtraining.de\/?page_id=674#breadcrumb","itemListElement":[{"@type":"ListItem","position":1,"name":"Startseite","item":"http:\/\/maerchen-sozialtraining.de\/"},{"@type":"ListItem","position":2,"name":"M\u00e4rchen","item":"https:\/\/maerchen-sozialtraining.de\/?page_id=11"},{"@type":"ListItem","position":3,"name":"M\u00e4rchen Online"}]},{"@type":"WebSite","@id":"http:\/\/maerchen-sozialtraining.de\/#website","url":"http:\/\/maerchen-sozialtraining.de\/","name":"M\u00e4rchen &amp; Sozialtraining","description":"M\u00e4rchen und Sozialtraing mit Heike Cordes","publisher":{"@id":"http:\/\/maerchen-sozialtraining.de\/#\/schema\/person\/d6db61b2247e77be1317c8e08531254e"},"potentialAction":[{"@type":"SearchAction","target":{"@type":"EntryPoint","urlTemplate":"http:\/\/maerchen-sozialtraining.de\/?s={search_term_string}"},"query-input":{"@type":"PropertyValueSpecification","valueRequired":true,"valueName":"search_term_string"}}],"inLanguage":"de"},{"@type":["Person","Organization"],"@id":"http:\/\/maerchen-sozialtraining.de\/#\/schema\/person\/d6db61b2247e77be1317c8e08531254e","name":"Heike Cordes","image":{"@type":"ImageObject","inLanguage":"de","@id":"http:\/\/demo.jasmin-bleeke.de\/wp-content\/uploads\/2018\/10\/M\u00e4rchenabend-14-1024x683.jpg","url":"http:\/\/demo.jasmin-bleeke.de\/wp-content\/uploads\/2018\/10\/M\u00e4rchenabend-14-1024x683.jpg","contentUrl":"http:\/\/demo.jasmin-bleeke.de\/wp-content\/uploads\/2018\/10\/M\u00e4rchenabend-14-1024x683.jpg","width":1024,"height":683,"caption":"Heike Cordes"},"logo":{"@id":"http:\/\/demo.jasmin-bleeke.de\/wp-content\/uploads\/2018\/10\/M\u00e4rchenabend-14-1024x683.jpg"},"sameAs":["http:\/\/www.maerchen-sozialtraining.de","https:\/\/www.youtube.com\/channel\/UCgmmtQjGSU9yha2PtQkxw5A"]}]}},"_links":{"self":[{"href":"https:\/\/maerchen-sozialtraining.de\/index.php?rest_route=\/wp\/v2\/pages\/674","targetHints":{"allow":["GET"]}}],"collection":[{"href":"https:\/\/maerchen-sozialtraining.de\/index.php?rest_route=\/wp\/v2\/pages"}],"about":[{"href":"https:\/\/maerchen-sozialtraining.de\/index.php?rest_route=\/wp\/v2\/types\/page"}],"author":[{"embeddable":true,"href":"https:\/\/maerchen-sozialtraining.de\/index.php?rest_route=\/wp\/v2\/users\/1"}],"replies":[{"embeddable":true,"href":"https:\/\/maerchen-sozialtraining.de\/index.php?rest_route=%2Fwp%2Fv2%2Fcomments&post=674"}],"version-history":[{"count":9,"href":"https:\/\/maerchen-sozialtraining.de\/index.php?rest_route=\/wp\/v2\/pages\/674\/revisions"}],"predecessor-version":[{"id":728,"href":"https:\/\/maerchen-sozialtraining.de\/index.php?rest_route=\/wp\/v2\/pages\/674\/revisions\/728"}],"up":[{"embeddable":true,"href":"https:\/\/maerchen-sozialtraining.de\/index.php?rest_route=\/wp\/v2\/pages\/11"}],"wp:attachment":[{"href":"https:\/\/maerchen-sozialtraining.de\/index.php?rest_route=%2Fwp%2Fv2%2Fmedia&parent=674"}],"curies":[{"name":"wp","href":"https:\/\/api.w.org\/{rel}","templated":true}]}}