{"id":124,"date":"2017-11-13T20:41:45","date_gmt":"2017-11-13T20:41:45","guid":{"rendered":"http:\/\/demo.jasmin-bleeke.de\/?page_id=124"},"modified":"2025-10-16T14:33:20","modified_gmt":"2025-10-16T14:33:20","slug":"referenzen","status":"publish","type":"page","link":"https:\/\/maerchen-sozialtraining.de\/?page_id=124","title":{"rendered":"Termine \/ Referenzen"},"content":{"rendered":"\n<p><strong>Sonntag, 14. Dezember 2025 &#8211; 19:30 Uhr<\/strong><\/p>\n\n\n\n<p>M\u00e4rchen Online. Link folgt<\/p>\n\n\n\n<p>______________________________________________________<\/p>\n\n\n\n<h1 class=\"wp-block-heading\">Vergangene Termine und Referenzen<\/h1>\n\n\n\n<p><\/p>\n\n\n\n<p><strong>Sonntag, 18. Juni<\/strong><\/p>\n\n\n\n<p>M\u00e4rchen mit Heike Cordes auf den <a href=\"https:\/\/kunstundkulturtagebrunkensen.jimdofree.com\/\" target=\"_blank\" rel=\"noreferrer noopener\">Kunst- und Kulturtagen 2023<\/a><br>auf dem Werkhof in Brunkensen\/Alfeld. Der Aufrtritt findet zwischen 11 und 18 Uhr statt.<\/p>\n\n\n\n<p><\/p>\n\n\n\n<hr class=\"wp-block-separator\"\/>\n\n\n\n<div class=\"wp-block-columns is-layout-flex wp-container-core-columns-is-layout-9d6595d7 wp-block-columns-is-layout-flex\">\n<div class=\"wp-block-column is-layout-flow wp-block-column-is-layout-flow\" style=\"flex-basis:100%\">\n<div class=\"wp-block-columns is-layout-flex wp-container-core-columns-is-layout-9d6595d7 wp-block-columns-is-layout-flex\">\n<div class=\"wp-block-column is-layout-flow wp-block-column-is-layout-flow\">\n<figure class=\"wp-block-gallery has-nested-images columns-default is-cropped wp-block-gallery-1 is-layout-flex wp-block-gallery-is-layout-flex\">\n<figure class=\"wp-block-image size-large\"><img loading=\"lazy\" decoding=\"async\" width=\"732\" height=\"1024\" data-id=\"643\" src=\"http:\/\/maerchen-sozialtraining.de\/wp-content\/uploads\/2023\/06\/Ma\u0308rchen-Ronneberg-732x1024.webp\" alt=\"M\u00e4rchen Einladung\" class=\"wp-image-643\" srcset=\"https:\/\/maerchen-sozialtraining.de\/wp-content\/uploads\/2023\/06\/Ma\u0308rchen-Ronneberg-732x1024.webp 732w, https:\/\/maerchen-sozialtraining.de\/wp-content\/uploads\/2023\/06\/Ma\u0308rchen-Ronneberg-215x300.webp 215w, https:\/\/maerchen-sozialtraining.de\/wp-content\/uploads\/2023\/06\/Ma\u0308rchen-Ronneberg-768x1074.webp 768w, https:\/\/maerchen-sozialtraining.de\/wp-content\/uploads\/2023\/06\/Ma\u0308rchen-Ronneberg-272x380.webp 272w, https:\/\/maerchen-sozialtraining.de\/wp-content\/uploads\/2023\/06\/Ma\u0308rchen-Ronneberg.webp 824w\" sizes=\"auto, (max-width: 732px) 100vw, 732px\" \/><\/figure>\n<\/figure>\n<\/div>\n\n\n\n<div class=\"wp-block-column is-layout-flow wp-block-column-is-layout-flow\">\n<p><strong>Juni 2023<\/strong><\/p>\n\n\n\n<p><strong>25.06.2022 um 15.00 und 16.00 Uhr<\/strong><\/p>\n\n\n\n<p><strong>M\u00e4rchen mit Heike Cordes begleitet am Akkordeon von Nastja Schkinder&nbsp;<\/strong><\/p>\n\n\n\n<p>Waldwinkel.<\/p>\n\n\n\n<p>Kaffee- und Biergarten<br>am Benther Berg UG<\/p>\n\n\n\n<p><\/p>\n\n\n\n<p>Salinenstr.105a<br>30952 Ronnenberg<\/p>\n\n\n\n<p><\/p>\n\n\n\n<p>Voranmeldung unter 05108-9091439<\/p>\n<\/div>\n<\/div>\n\n\n\n<h1>\u00a0<\/h1>\n<p><strong>Mai\u00a0 2022<\/strong><\/p>\n<p><strong>8.05.2022<\/strong><\/p>\n<p><strong>M\u00e4rchen im Wald<\/strong><\/p>\n<p>Wir treffen uns um 11.02 Uhr am Bahnhof in Egestorf, (Rosenstr. 1, 30890 Barsinghausen) der ist mit der S1 von Hannover ohne Umsteigen, zu erreichen.<\/p>\n<p><b>Eine <a href=\"http:\/\/demo.jasmin-bleeke.de\/?page_id=5\">Anmeldung<\/a>\u00a0ist eine Teilnahmevoraussetzung! <\/b><\/p>\n<p>Gleich am Bahnhof beginnt auch schon unsere Reise ins M\u00e4rchenland. Bitte bringen Sie sich eine Sitzunterlage und ein Picknickgetr\u00e4nk und -essen mit, wir werden und ca. 2-2,5 Std. m\u00e4rchenhaft vergn\u00fcgen.<\/p>\n<p>\u00a0<\/p>\n<p><strong>November 19<\/strong><\/p>\n<p><strong>22.11.2019<\/strong><\/p>\n<p>Lichtvolle M\u00e4rchen im Caf\u00e8 &#8222;altes Schulhaus&#8220;, Dorfstr.50, in 30966 Hemmingen. Die Vorstellung beginnt um 17.30 Uhr.<\/p>\n<p>Kerstin Ossevorth bitet leckeren Kuchen, Caf\u00e9, Lik\u00f6re etc. in ihrem liebevoll eingerichteten Caf\u00e8 an, mehr dazu gibt es in hier: <a href=\"https:\/\/www.komoot.de\/highlight\/337783\">https:\/\/www.komoot.de\/highlight\/337783<\/a><\/p>\n<p><strong>16.11.2019<\/strong><br \/><a href=\"http:\/\/demo.jasmin-bleeke.de\/?page_id=563\">Runden Geburtstagsfeier als M\u00e4rchenfest<\/a><\/p>\n<p><strong>September 19<\/strong><\/p>\n<p><strong>15.09.2019<\/strong><br \/>M\u00e4rchenwanderung im Deister<br \/>Treffpunkt 11.02 Uhr am Bahnhof in Egestorf, dieser ist gut mit der S-Bahn zu erreichen.<\/p>\n<h1>\u00a0<\/h1>\n<p><strong>Mai 2019<\/strong><\/p>\n<p><strong>19.05.2019<\/strong><br \/>M\u00e4rchenwanderung im Deister<br \/>Treffpunkt 11.02 Uhr am Bahnhof in Egestorf, dieser ist gut mit der S-Bahn zu erreichen.<br \/><a href=\"http:\/\/demo.jasmin-bleeke.de\/wp-content\/uploads\/2019\/04\/Plakat-A4-M\u00e4rchenwanderung-Heike-Cordes.pdf\">Plakat A4 M\u00e4rchenwanderung Heike Cordes<\/a><\/p>\n<h4>M\u00e4rchen mit GitarrenbegleituG<\/h4>\n<ul>\n<li><a href=\"http:\/\/demo.jasmin-bleeke.de\/?page_id=359\">Sprachheilschule in Iltern<\/a><\/li>\n<li><a href=\"http:\/\/demo.jasmin-bleeke.de\/wp-content\/uploads\/2020\/01\/GiB-Tagesf\u00f6rderst\u00e4tte-Bothfeld-PDF.pdf\">GiB Tagesf\u00f6rderst\u00e4tte Bothfeld PDF<\/a> (Gemeinn\u00fctzige Gesellschaft f\u00fcr integrative Behindertenarbeit)<\/li>\n<\/ul>\n<h4>Sozialtrainig<\/h4>\n<ul>\n<li><a href=\"http:\/\/demo.jasmin-bleeke.de\/?page_id=363\">R\u00fcckmeldung von einer Lehrkraft<\/a><\/li>\n<\/ul>\n<h4>die Fortbildung f\u00fcr Sozialtraining<\/h4>\n<ul>\n<li><a href=\"http:\/\/demo.jasmin-bleeke.de\/?page_id=361\">R\u00fcckmeldung einer Schulsozialarbeiterin<\/a><\/li>\n<\/ul>\n<p><span style=\"color: #ff0000;\">\u00a0<\/span><!--more--><\/p>\n<p><!--more--><\/p>\n<\/div>\n<\/div>\n\n\n\n<p><\/p>\n\n\n\n<div class=\"wp-block-columns is-layout-flex wp-container-core-columns-is-layout-9d6595d7 wp-block-columns-is-layout-flex\">\n<div class=\"wp-block-column is-layout-flow wp-block-column-is-layout-flow\"><\/div>\n\n\n\n<div class=\"wp-block-column is-layout-flow wp-block-column-is-layout-flow\"><\/div>\n<\/div>\n\n\n\n<p><\/p>\n","protected":false},"excerpt":{"rendered":"<p>Juni 2023 25.06.2022 um 15.00 und 16.00 Uhr M\u00e4rchen mit Heike Cordes begleitet am Akkordeon von Nastja Schkinder&nbsp; Waldwinkel. Kaffee- und Biergartenam Benther Berg UG Salinenstr.105a30952 Ronnenberg Voranmeldung unter 05108-9091439 \u00a0 Mai\u00a0 2022 8.05.2022 M\u00e4rchen im Wald Wir treffen uns um 11.02 Uhr am Bahnhof in Egestorf, (Rosenstr. 1, 30890 Barsinghausen) der ist mit der [&hellip;]<\/p>\n","protected":false},"author":1,"featured_media":619,"parent":0,"menu_order":0,"comment_status":"closed","ping_status":"closed","template":"page-templates\/full-width-page.php","meta":{"footnotes":""},"class_list":["post-124","page","type-page","status-publish","has-post-thumbnail","hentry","with-featured-image"],"yoast_head":"<!-- This site is optimized with the Yoast SEO plugin v27.4 - https:\/\/yoast.com\/product\/yoast-seo-wordpress\/ -->\n<title>Termine \/ Referenzen - M\u00e4rchen &amp; Sozialtraining<\/title>\n<meta name=\"robots\" content=\"index, follow, max-snippet:-1, max-image-preview:large, max-video-preview:-1\" \/>\n<link rel=\"canonical\" href=\"https:\/\/maerchen-sozialtraining.de\/?page_id=124\" \/>\n<meta property=\"og:locale\" content=\"de_DE\" \/>\n<meta property=\"og:type\" content=\"article\" \/>\n<meta property=\"og:title\" content=\"Termine \/ Referenzen - M\u00e4rchen &amp; Sozialtraining\" \/>\n<meta property=\"og:description\" content=\"Juni 2023 25.06.2022 um 15.00 und 16.00 Uhr M\u00e4rchen mit Heike Cordes begleitet am Akkordeon von Nastja Schkinder&nbsp; Waldwinkel. Kaffee- und Biergartenam Benther Berg UG Salinenstr.105a30952 Ronnenberg Voranmeldung unter 05108-9091439 \u00a0 Mai\u00a0 2022 8.05.2022 M\u00e4rchen im Wald Wir treffen uns um 11.02 Uhr am Bahnhof in Egestorf, (Rosenstr. 1, 30890 Barsinghausen) der ist mit der [&hellip;]\" \/>\n<meta property=\"og:url\" content=\"https:\/\/maerchen-sozialtraining.de\/?page_id=124\" \/>\n<meta property=\"og:site_name\" content=\"M\u00e4rchen &amp; Sozialtraining\" \/>\n<meta property=\"article:modified_time\" content=\"2025-10-16T14:33:20+00:00\" \/>\n<meta property=\"og:image\" content=\"https:\/\/maerchen-sozialtraining.de\/wp-content\/uploads\/2022\/03\/forest-gaa0d3d3b8_1920.jpg\" \/>\n\t<meta property=\"og:image:width\" content=\"1920\" \/>\n\t<meta property=\"og:image:height\" content=\"1080\" \/>\n\t<meta property=\"og:image:type\" content=\"image\/jpeg\" \/>\n<meta name=\"twitter:card\" content=\"summary_large_image\" \/>\n<meta name=\"twitter:label1\" content=\"Gesch\u00e4tzte Lesezeit\" \/>\n\t<meta name=\"twitter:data1\" content=\"2\u00a0Minuten\" \/>\n<script type=\"application\/ld+json\" class=\"yoast-schema-graph\">{\"@context\":\"https:\\\/\\\/schema.org\",\"@graph\":[{\"@type\":\"WebPage\",\"@id\":\"https:\\\/\\\/maerchen-sozialtraining.de\\\/?page_id=124\",\"url\":\"https:\\\/\\\/maerchen-sozialtraining.de\\\/?page_id=124\",\"name\":\"Termine \\\/ Referenzen - M\u00e4rchen &amp; Sozialtraining\",\"isPartOf\":{\"@id\":\"http:\\\/\\\/maerchen-sozialtraining.de\\\/#website\"},\"primaryImageOfPage\":{\"@id\":\"https:\\\/\\\/maerchen-sozialtraining.de\\\/?page_id=124#primaryimage\"},\"image\":{\"@id\":\"https:\\\/\\\/maerchen-sozialtraining.de\\\/?page_id=124#primaryimage\"},\"thumbnailUrl\":\"https:\\\/\\\/maerchen-sozialtraining.de\\\/wp-content\\\/uploads\\\/2022\\\/03\\\/forest-gaa0d3d3b8_1920.jpg\",\"datePublished\":\"2017-11-13T20:41:45+00:00\",\"dateModified\":\"2025-10-16T14:33:20+00:00\",\"breadcrumb\":{\"@id\":\"https:\\\/\\\/maerchen-sozialtraining.de\\\/?page_id=124#breadcrumb\"},\"inLanguage\":\"de\",\"potentialAction\":[{\"@type\":\"ReadAction\",\"target\":[\"https:\\\/\\\/maerchen-sozialtraining.de\\\/?page_id=124\"]}]},{\"@type\":\"ImageObject\",\"inLanguage\":\"de\",\"@id\":\"https:\\\/\\\/maerchen-sozialtraining.de\\\/?page_id=124#primaryimage\",\"url\":\"https:\\\/\\\/maerchen-sozialtraining.de\\\/wp-content\\\/uploads\\\/2022\\\/03\\\/forest-gaa0d3d3b8_1920.jpg\",\"contentUrl\":\"https:\\\/\\\/maerchen-sozialtraining.de\\\/wp-content\\\/uploads\\\/2022\\\/03\\\/forest-gaa0d3d3b8_1920.jpg\",\"width\":1920,\"height\":1080},{\"@type\":\"BreadcrumbList\",\"@id\":\"https:\\\/\\\/maerchen-sozialtraining.de\\\/?page_id=124#breadcrumb\",\"itemListElement\":[{\"@type\":\"ListItem\",\"position\":1,\"name\":\"Startseite\",\"item\":\"http:\\\/\\\/maerchen-sozialtraining.de\\\/\"},{\"@type\":\"ListItem\",\"position\":2,\"name\":\"Termine \\\/ Referenzen\"}]},{\"@type\":\"WebSite\",\"@id\":\"http:\\\/\\\/maerchen-sozialtraining.de\\\/#website\",\"url\":\"http:\\\/\\\/maerchen-sozialtraining.de\\\/\",\"name\":\"M\u00e4rchen &amp; Sozialtraining\",\"description\":\"M\u00e4rchen und Sozialtraing mit Heike Cordes\",\"publisher\":{\"@id\":\"http:\\\/\\\/maerchen-sozialtraining.de\\\/#\\\/schema\\\/person\\\/d6db61b2247e77be1317c8e08531254e\"},\"potentialAction\":[{\"@type\":\"SearchAction\",\"target\":{\"@type\":\"EntryPoint\",\"urlTemplate\":\"http:\\\/\\\/maerchen-sozialtraining.de\\\/?s={search_term_string}\"},\"query-input\":{\"@type\":\"PropertyValueSpecification\",\"valueRequired\":true,\"valueName\":\"search_term_string\"}}],\"inLanguage\":\"de\"},{\"@type\":[\"Person\",\"Organization\"],\"@id\":\"http:\\\/\\\/maerchen-sozialtraining.de\\\/#\\\/schema\\\/person\\\/d6db61b2247e77be1317c8e08531254e\",\"name\":\"Heike Cordes\",\"image\":{\"@type\":\"ImageObject\",\"inLanguage\":\"de\",\"@id\":\"http:\\\/\\\/demo.jasmin-bleeke.de\\\/wp-content\\\/uploads\\\/2018\\\/10\\\/M\u00e4rchenabend-14-1024x683.jpg\",\"url\":\"http:\\\/\\\/demo.jasmin-bleeke.de\\\/wp-content\\\/uploads\\\/2018\\\/10\\\/M\u00e4rchenabend-14-1024x683.jpg\",\"contentUrl\":\"http:\\\/\\\/demo.jasmin-bleeke.de\\\/wp-content\\\/uploads\\\/2018\\\/10\\\/M\u00e4rchenabend-14-1024x683.jpg\",\"width\":1024,\"height\":683,\"caption\":\"Heike Cordes\"},\"logo\":{\"@id\":\"http:\\\/\\\/demo.jasmin-bleeke.de\\\/wp-content\\\/uploads\\\/2018\\\/10\\\/M\u00e4rchenabend-14-1024x683.jpg\"},\"sameAs\":[\"http:\\\/\\\/www.maerchen-sozialtraining.de\",\"https:\\\/\\\/www.youtube.com\\\/channel\\\/UCgmmtQjGSU9yha2PtQkxw5A\"]}]}<\/script>\n<!-- \/ Yoast SEO plugin. -->","yoast_head_json":{"title":"Termine \/ Referenzen - M\u00e4rchen &amp; Sozialtraining","robots":{"index":"index","follow":"follow","max-snippet":"max-snippet:-1","max-image-preview":"max-image-preview:large","max-video-preview":"max-video-preview:-1"},"canonical":"https:\/\/maerchen-sozialtraining.de\/?page_id=124","og_locale":"de_DE","og_type":"article","og_title":"Termine \/ Referenzen - M\u00e4rchen &amp; Sozialtraining","og_description":"Juni 2023 25.06.2022 um 15.00 und 16.00 Uhr M\u00e4rchen mit Heike Cordes begleitet am Akkordeon von Nastja Schkinder&nbsp; Waldwinkel. Kaffee- und Biergartenam Benther Berg UG Salinenstr.105a30952 Ronnenberg Voranmeldung unter 05108-9091439 \u00a0 Mai\u00a0 2022 8.05.2022 M\u00e4rchen im Wald Wir treffen uns um 11.02 Uhr am Bahnhof in Egestorf, (Rosenstr. 1, 30890 Barsinghausen) der ist mit der [&hellip;]","og_url":"https:\/\/maerchen-sozialtraining.de\/?page_id=124","og_site_name":"M\u00e4rchen &amp; Sozialtraining","article_modified_time":"2025-10-16T14:33:20+00:00","og_image":[{"width":1920,"height":1080,"url":"https:\/\/maerchen-sozialtraining.de\/wp-content\/uploads\/2022\/03\/forest-gaa0d3d3b8_1920.jpg","type":"image\/jpeg"}],"twitter_card":"summary_large_image","twitter_misc":{"Gesch\u00e4tzte Lesezeit":"2\u00a0Minuten"},"schema":{"@context":"https:\/\/schema.org","@graph":[{"@type":"WebPage","@id":"https:\/\/maerchen-sozialtraining.de\/?page_id=124","url":"https:\/\/maerchen-sozialtraining.de\/?page_id=124","name":"Termine \/ Referenzen - M\u00e4rchen &amp; Sozialtraining","isPartOf":{"@id":"http:\/\/maerchen-sozialtraining.de\/#website"},"primaryImageOfPage":{"@id":"https:\/\/maerchen-sozialtraining.de\/?page_id=124#primaryimage"},"image":{"@id":"https:\/\/maerchen-sozialtraining.de\/?page_id=124#primaryimage"},"thumbnailUrl":"https:\/\/maerchen-sozialtraining.de\/wp-content\/uploads\/2022\/03\/forest-gaa0d3d3b8_1920.jpg","datePublished":"2017-11-13T20:41:45+00:00","dateModified":"2025-10-16T14:33:20+00:00","breadcrumb":{"@id":"https:\/\/maerchen-sozialtraining.de\/?page_id=124#breadcrumb"},"inLanguage":"de","potentialAction":[{"@type":"ReadAction","target":["https:\/\/maerchen-sozialtraining.de\/?page_id=124"]}]},{"@type":"ImageObject","inLanguage":"de","@id":"https:\/\/maerchen-sozialtraining.de\/?page_id=124#primaryimage","url":"https:\/\/maerchen-sozialtraining.de\/wp-content\/uploads\/2022\/03\/forest-gaa0d3d3b8_1920.jpg","contentUrl":"https:\/\/maerchen-sozialtraining.de\/wp-content\/uploads\/2022\/03\/forest-gaa0d3d3b8_1920.jpg","width":1920,"height":1080},{"@type":"BreadcrumbList","@id":"https:\/\/maerchen-sozialtraining.de\/?page_id=124#breadcrumb","itemListElement":[{"@type":"ListItem","position":1,"name":"Startseite","item":"http:\/\/maerchen-sozialtraining.de\/"},{"@type":"ListItem","position":2,"name":"Termine \/ Referenzen"}]},{"@type":"WebSite","@id":"http:\/\/maerchen-sozialtraining.de\/#website","url":"http:\/\/maerchen-sozialtraining.de\/","name":"M\u00e4rchen &amp; Sozialtraining","description":"M\u00e4rchen und Sozialtraing mit Heike Cordes","publisher":{"@id":"http:\/\/maerchen-sozialtraining.de\/#\/schema\/person\/d6db61b2247e77be1317c8e08531254e"},"potentialAction":[{"@type":"SearchAction","target":{"@type":"EntryPoint","urlTemplate":"http:\/\/maerchen-sozialtraining.de\/?s={search_term_string}"},"query-input":{"@type":"PropertyValueSpecification","valueRequired":true,"valueName":"search_term_string"}}],"inLanguage":"de"},{"@type":["Person","Organization"],"@id":"http:\/\/maerchen-sozialtraining.de\/#\/schema\/person\/d6db61b2247e77be1317c8e08531254e","name":"Heike Cordes","image":{"@type":"ImageObject","inLanguage":"de","@id":"http:\/\/demo.jasmin-bleeke.de\/wp-content\/uploads\/2018\/10\/M\u00e4rchenabend-14-1024x683.jpg","url":"http:\/\/demo.jasmin-bleeke.de\/wp-content\/uploads\/2018\/10\/M\u00e4rchenabend-14-1024x683.jpg","contentUrl":"http:\/\/demo.jasmin-bleeke.de\/wp-content\/uploads\/2018\/10\/M\u00e4rchenabend-14-1024x683.jpg","width":1024,"height":683,"caption":"Heike Cordes"},"logo":{"@id":"http:\/\/demo.jasmin-bleeke.de\/wp-content\/uploads\/2018\/10\/M\u00e4rchenabend-14-1024x683.jpg"},"sameAs":["http:\/\/www.maerchen-sozialtraining.de","https:\/\/www.youtube.com\/channel\/UCgmmtQjGSU9yha2PtQkxw5A"]}]}},"_links":{"self":[{"href":"https:\/\/maerchen-sozialtraining.de\/index.php?rest_route=\/wp\/v2\/pages\/124","targetHints":{"allow":["GET"]}}],"collection":[{"href":"https:\/\/maerchen-sozialtraining.de\/index.php?rest_route=\/wp\/v2\/pages"}],"about":[{"href":"https:\/\/maerchen-sozialtraining.de\/index.php?rest_route=\/wp\/v2\/types\/page"}],"author":[{"embeddable":true,"href":"https:\/\/maerchen-sozialtraining.de\/index.php?rest_route=\/wp\/v2\/users\/1"}],"replies":[{"embeddable":true,"href":"https:\/\/maerchen-sozialtraining.de\/index.php?rest_route=%2Fwp%2Fv2%2Fcomments&post=124"}],"version-history":[{"count":57,"href":"https:\/\/maerchen-sozialtraining.de\/index.php?rest_route=\/wp\/v2\/pages\/124\/revisions"}],"predecessor-version":[{"id":666,"href":"https:\/\/maerchen-sozialtraining.de\/index.php?rest_route=\/wp\/v2\/pages\/124\/revisions\/666"}],"wp:featuredmedia":[{"embeddable":true,"href":"https:\/\/maerchen-sozialtraining.de\/index.php?rest_route=\/wp\/v2\/media\/619"}],"wp:attachment":[{"href":"https:\/\/maerchen-sozialtraining.de\/index.php?rest_route=%2Fwp%2Fv2%2Fmedia&parent=124"}],"curies":[{"name":"wp","href":"https:\/\/api.w.org\/{rel}","templated":true}]}}